{"id":221,"date":"2021-06-15T15:30:33","date_gmt":"2021-06-15T13:30:33","guid":{"rendered":"https:\/\/stemarie-stjoseph.fr\/college-st-joseph\/?page_id=221"},"modified":"2026-03-04T12:25:03","modified_gmt":"2026-03-04T11:25:03","slug":"infos-pratiques-transports","status":"publish","type":"page","link":"https:\/\/stemarie-stjoseph.fr\/college-st-joseph\/infos-pratiques-transports\/","title":{"rendered":"Transports"},"content":{"rendered":"\n<p>Les transports sont organis\u00e9s par la r\u00e9gion Centre.<\/p>\n\n\n\n<p>Le co\u00fbt est de 60 euros pour l\u2019ann\u00e9e \u00e0 partir de 2026-2027 avec des frais de dossier \u00e0 hauteur de 25 euros.<\/p>\n\n\n\n<p>L\u2019arriv\u00e9e et le d\u00e9part sont \u00e0 proximit\u00e9&nbsp;du coll\u00e8ge&nbsp;avec un trajet \u00e0 pied accompagn\u00e9&nbsp;par un adulte.<\/p>\n","protected":false},"excerpt":{"rendered":"<p>Les transports sont organis\u00e9s par la r\u00e9gion Centre. Le co\u00fbt est de 60 euros pour l\u2019ann\u00e9e \u00e0 partir de 2026-2027 avec des frais de dossier \u00e0 hauteur de 25 euros. L\u2019arriv\u00e9e et le d\u00e9part sont \u00e0 proximit\u00e9&nbsp;du coll\u00e8ge&nbsp;avec un trajet \u00e0 pied accompagn\u00e9&nbsp;par un adulte.<\/p>\n","protected":false},"author":4,"featured_media":0,"parent":0,"menu_order":0,"comment_status":"closed","ping_status":"closed","template":"","meta":{"site-sidebar-layout":"default","site-content-layout":"default","ast-main-header-display":"","ast-hfb-above-header-display":"","ast-hfb-below-header-display":"","ast-hfb-mobile-header-display":"","site-post-title":"","ast-breadcrumbs-content":"","ast-featured-img":"","footer-sml-layout":"","theme-transparent-header-meta":"default","adv-header-id-meta":"","stick-header-meta":"","header-above-stick-meta":"","header-main-stick-meta":"","header-below-stick-meta":"","footnotes":""},"yoast_head":"<!-- This site is optimized with the Yoast SEO plugin v24.5 - https:\/\/yoast.com\/wordpress\/plugins\/seo\/ -->\n<title>Transports - Coll\u00e8ge Saint Joseph<\/title>\n<meta name=\"robots\" content=\"index, follow, max-snippet:-1, max-image-preview:large, max-video-preview:-1\" \/>\n<link rel=\"canonical\" href=\"https:\/\/stemarie-stjoseph.fr\/college-st-joseph\/infos-pratiques-transports\/\" \/>\n<meta property=\"og:locale\" content=\"fr_FR\" \/>\n<meta property=\"og:type\" content=\"article\" \/>\n<meta property=\"og:title\" content=\"Transports - Coll\u00e8ge Saint Joseph\" \/>\n<meta property=\"og:description\" content=\"Les transports sont organis\u00e9s par la r\u00e9gion Centre. Le co\u00fbt est de 60 euros pour l\u2019ann\u00e9e \u00e0 partir de 2026-2027 avec des frais de dossier \u00e0 hauteur de 25 euros. L\u2019arriv\u00e9e et le d\u00e9part sont \u00e0 proximit\u00e9&nbsp;du coll\u00e8ge&nbsp;avec un trajet \u00e0 pied accompagn\u00e9&nbsp;par un adulte.\" \/>\n<meta property=\"og:url\" content=\"https:\/\/stemarie-stjoseph.fr\/college-st-joseph\/infos-pratiques-transports\/\" \/>\n<meta property=\"og:site_name\" content=\"Coll\u00e8ge Saint Joseph\" \/>\n<meta property=\"article:modified_time\" content=\"2026-03-04T11:25:03+00:00\" \/>\n<meta name=\"twitter:card\" content=\"summary_large_image\" \/>\n<meta name=\"twitter:label1\" content=\"Dur\u00e9e de lecture estim\u00e9e\" \/>\n\t<meta name=\"twitter:data1\" content=\"1 minute\" \/>\n<script type=\"application\/ld+json\" class=\"yoast-schema-graph\">{\"@context\":\"https:\/\/schema.org\",\"@graph\":[{\"@type\":\"WebPage\",\"@id\":\"https:\/\/stemarie-stjoseph.fr\/college-st-joseph\/infos-pratiques-transports\/\",\"url\":\"https:\/\/stemarie-stjoseph.fr\/college-st-joseph\/infos-pratiques-transports\/\",\"name\":\"Transports - Coll\u00e8ge Saint Joseph\",\"isPartOf\":{\"@id\":\"https:\/\/stemarie-stjoseph.fr\/college-st-joseph\/#website\"},\"datePublished\":\"2021-06-15T13:30:33+00:00\",\"dateModified\":\"2026-03-04T11:25:03+00:00\",\"breadcrumb\":{\"@id\":\"https:\/\/stemarie-stjoseph.fr\/college-st-joseph\/infos-pratiques-transports\/#breadcrumb\"},\"inLanguage\":\"fr-FR\",\"potentialAction\":[{\"@type\":\"ReadAction\",\"target\":[\"https:\/\/stemarie-stjoseph.fr\/college-st-joseph\/infos-pratiques-transports\/\"]}]},{\"@type\":\"BreadcrumbList\",\"@id\":\"https:\/\/stemarie-stjoseph.fr\/college-st-joseph\/infos-pratiques-transports\/#breadcrumb\",\"itemListElement\":[{\"@type\":\"ListItem\",\"position\":1,\"name\":\"Accueil\",\"item\":\"https:\/\/stemarie-stjoseph.fr\/college-st-joseph\/\"},{\"@type\":\"ListItem\",\"position\":2,\"name\":\"Transports\"}]},{\"@type\":\"WebSite\",\"@id\":\"https:\/\/stemarie-stjoseph.fr\/college-st-joseph\/#website\",\"url\":\"https:\/\/stemarie-stjoseph.fr\/college-st-joseph\/\",\"name\":\"Coll\u00e8ge Saint Joseph\",\"description\":\"Un site utilisant Groupe scolaire de Saint Beno\u00eet sur Loire\",\"potentialAction\":[{\"@type\":\"SearchAction\",\"target\":{\"@type\":\"EntryPoint\",\"urlTemplate\":\"https:\/\/stemarie-stjoseph.fr\/college-st-joseph\/?s={search_term_string}\"},\"query-input\":{\"@type\":\"PropertyValueSpecification\",\"valueRequired\":true,\"valueName\":\"search_term_string\"}}],\"inLanguage\":\"fr-FR\"}]}<\/script>\n<!-- \/ Yoast SEO plugin. -->","yoast_head_json":{"title":"Transports - Coll\u00e8ge Saint Joseph","robots":{"index":"index","follow":"follow","max-snippet":"max-snippet:-1","max-image-preview":"max-image-preview:large","max-video-preview":"max-video-preview:-1"},"canonical":"https:\/\/stemarie-stjoseph.fr\/college-st-joseph\/infos-pratiques-transports\/","og_locale":"fr_FR","og_type":"article","og_title":"Transports - Coll\u00e8ge Saint Joseph","og_description":"Les transports sont organis\u00e9s par la r\u00e9gion Centre. Le co\u00fbt est de 60 euros pour l\u2019ann\u00e9e \u00e0 partir de 2026-2027 avec des frais de dossier \u00e0 hauteur de 25 euros. L\u2019arriv\u00e9e et le d\u00e9part sont \u00e0 proximit\u00e9&nbsp;du coll\u00e8ge&nbsp;avec un trajet \u00e0 pied accompagn\u00e9&nbsp;par un adulte.","og_url":"https:\/\/stemarie-stjoseph.fr\/college-st-joseph\/infos-pratiques-transports\/","og_site_name":"Coll\u00e8ge Saint Joseph","article_modified_time":"2026-03-04T11:25:03+00:00","twitter_card":"summary_large_image","twitter_misc":{"Dur\u00e9e de lecture estim\u00e9e":"1 minute"},"schema":{"@context":"https:\/\/schema.org","@graph":[{"@type":"WebPage","@id":"https:\/\/stemarie-stjoseph.fr\/college-st-joseph\/infos-pratiques-transports\/","url":"https:\/\/stemarie-stjoseph.fr\/college-st-joseph\/infos-pratiques-transports\/","name":"Transports - Coll\u00e8ge Saint Joseph","isPartOf":{"@id":"https:\/\/stemarie-stjoseph.fr\/college-st-joseph\/#website"},"datePublished":"2021-06-15T13:30:33+00:00","dateModified":"2026-03-04T11:25:03+00:00","breadcrumb":{"@id":"https:\/\/stemarie-stjoseph.fr\/college-st-joseph\/infos-pratiques-transports\/#breadcrumb"},"inLanguage":"fr-FR","potentialAction":[{"@type":"ReadAction","target":["https:\/\/stemarie-stjoseph.fr\/college-st-joseph\/infos-pratiques-transports\/"]}]},{"@type":"BreadcrumbList","@id":"https:\/\/stemarie-stjoseph.fr\/college-st-joseph\/infos-pratiques-transports\/#breadcrumb","itemListElement":[{"@type":"ListItem","position":1,"name":"Accueil","item":"https:\/\/stemarie-stjoseph.fr\/college-st-joseph\/"},{"@type":"ListItem","position":2,"name":"Transports"}]},{"@type":"WebSite","@id":"https:\/\/stemarie-stjoseph.fr\/college-st-joseph\/#website","url":"https:\/\/stemarie-stjoseph.fr\/college-st-joseph\/","name":"Coll\u00e8ge Saint Joseph","description":"Un site utilisant Groupe scolaire de Saint Beno\u00eet sur Loire","potentialAction":[{"@type":"SearchAction","target":{"@type":"EntryPoint","urlTemplate":"https:\/\/stemarie-stjoseph.fr\/college-st-joseph\/?s={search_term_string}"},"query-input":{"@type":"PropertyValueSpecification","valueRequired":true,"valueName":"search_term_string"}}],"inLanguage":"fr-FR"}]}},"_links":{"self":[{"href":"https:\/\/stemarie-stjoseph.fr\/college-st-joseph\/wp-json\/wp\/v2\/pages\/221"}],"collection":[{"href":"https:\/\/stemarie-stjoseph.fr\/college-st-joseph\/wp-json\/wp\/v2\/pages"}],"about":[{"href":"https:\/\/stemarie-stjoseph.fr\/college-st-joseph\/wp-json\/wp\/v2\/types\/page"}],"author":[{"embeddable":true,"href":"https:\/\/stemarie-stjoseph.fr\/college-st-joseph\/wp-json\/wp\/v2\/users\/4"}],"replies":[{"embeddable":true,"href":"https:\/\/stemarie-stjoseph.fr\/college-st-joseph\/wp-json\/wp\/v2\/comments?post=221"}],"version-history":[{"count":3,"href":"https:\/\/stemarie-stjoseph.fr\/college-st-joseph\/wp-json\/wp\/v2\/pages\/221\/revisions"}],"predecessor-version":[{"id":428,"href":"https:\/\/stemarie-stjoseph.fr\/college-st-joseph\/wp-json\/wp\/v2\/pages\/221\/revisions\/428"}],"wp:attachment":[{"href":"https:\/\/stemarie-stjoseph.fr\/college-st-joseph\/wp-json\/wp\/v2\/media?parent=221"}],"curies":[{"name":"wp","href":"https:\/\/api.w.org\/{rel}","templated":true}]}}