{"id":414,"date":"2021-05-26T21:06:51","date_gmt":"2021-05-26T19:06:51","guid":{"rendered":"https:\/\/stemarie-stjoseph.fr\/ecole-ste-marie\/nos-parcours-contenu-pedagogique\/"},"modified":"2026-03-02T14:29:31","modified_gmt":"2026-03-02T13:29:31","slug":"nos-parcours-contenu-pedagogique","status":"publish","type":"page","link":"https:\/\/stemarie-stjoseph.fr\/ecole-ste-marie\/nos-parcours-contenu-pedagogique\/","title":{"rendered":"Contenu p\u00e9dagogique"},"content":{"rendered":"\n<h5 class=\"wp-block-heading has-text-color\" style=\"color:#2f6890\"><strong>NOS SP\u00c9CIFICIT\u00c9S :<\/strong><\/h5>\n\n\n\n<ul>\n<li>Toutes les classes \u00e9quip\u00e9es en <strong>vid\u00e9o projecteurs<\/strong><\/li>\n\n\n\n<li><strong style=\"font-size: 16px;\">Classes de d\u00e9couvertes<\/strong> selon les projets p\u00e9dagogiques<\/li>\n\n\n\n<li><strong style=\"font-size: 16px;\">Anglais<\/strong> en cycle 2 et 3, initiation d\u00e8s la PS<\/li>\n\n\n\n<li><strong style=\"font-size: 16px;\">R\u00e9seau d&rsquo;aide<\/strong> aux \u00e9l\u00e8ves \u00e0 besoins \u00e9ducatifs particuliers<\/li>\n\n\n\n<li>Pastorale avec la pr\u00e9sence r\u00e9guli\u00e8re de notre diacre ( Didier Adam) pour des temps de pri\u00e8res et pour les c\u00e9l\u00e9brations.<\/li>\n<\/ul>\n\n\n\n<h5 class=\"wp-block-heading has-text-color\" style=\"color:#2f6890\"><strong>NOS PROJETS :<\/strong><\/h5>\n\n\n\n<ul>\n<li><u>Projet d&rsquo;\u00e9tablissement:<\/u> \u00ab\u00a0Les Sciences \u00e0 l&rsquo;Ecole\u00a0\u00bb<\/li>\n\n\n\n<li><u>Projet p\u00e9dagogique:<\/u> \u00ab\u00a0Au c\u0153ur de la plan\u00e8te pour une plan\u00e8te du c\u0153ur\u00a0\u00bb<\/li>\n\n\n\n<li>Projet Pastoral: <\/li>\n<\/ul>\n\n\n\n<h5 class=\"wp-block-heading has-text-color\" style=\"color:#2f6890\"><strong>SPORT :<\/strong><\/h5>\n\n\n\n<ul>\n<li>Intervenants en judo, tennis et\/ou en sport collectif<\/li>\n\n\n\n<li>Piscine au centre aquatique de Dampierre en Burly pour les CE-CM et au BAF de Sully pour les GS-CP<\/li>\n\n\n\n<li>Diff\u00e9rentes activit\u00e9s sportives au gymnase de Saint-Benoit<\/li>\n<\/ul>\n\n\n\n<h5 class=\"wp-block-heading has-text-color\" style=\"color:#2f6890\"><strong>AVEC LA VILLE DE SAINT BENO\u00ceT SUR LOIRE OU LA CO COM<\/strong> :<\/h5>\n\n\n\n<ul>\n<li>Une intervenante en Musique : Laure Guesqui\u00e8re<\/li>\n\n\n\n<li>Activit\u00e9s de Biblioth\u00e8que<\/li>\n\n\n\n<li>Participation Conseil municipal jeune<\/li>\n<\/ul>\n\n\n\n<h5 class=\"wp-block-heading\">La r\u00e9partition des nIveaux pour l&rsquo;ann\u00e9e SCOLAIRE 2025-2026<\/h5>\n\n\n\n<ul>\n<li>PS\/ GS: 26 \u00e9l\u00e8ves accompagn\u00e9s par Mmes GUIRLET et PELLETIER et Mmes NAVARRE (ASEM) et MAGALHAES (apprentie ASEM)<\/li>\n\n\n\n<li>MS: 19 \u00e9l\u00e8ves accompagn\u00e9s par Mme ARTES et Mme TRASBOT ( ASEM)<\/li>\n\n\n\n<li>CP\/CE1: 22 \u00e9l\u00e8ves accompagn\u00e9s par Mme Roche<\/li>\n\n\n\n<li>CE2\/CM1: 23 \u00e9l\u00e8ves accompagn\u00e9s par Mme RADZIETA<\/li>\n\n\n\n<li>CM1\/CM2: 24 \u00e9l\u00e8ves accompagn\u00e9s par Mme TARDY<\/li>\n<\/ul>\n\n\n\n<p><\/p>\n\n\n\n<p><\/p>\n\n\n\n<p><\/p>\n","protected":false},"excerpt":{"rendered":"<p>NOS SP\u00c9CIFICIT\u00c9S : NOS PROJETS : SPORT : AVEC LA VILLE DE SAINT BENO\u00ceT SUR LOIRE OU LA CO COM : La r\u00e9partition des nIveaux pour l&rsquo;ann\u00e9e SCOLAIRE 2025-2026<\/p>\n","protected":false},"author":5,"featured_media":0,"parent":0,"menu_order":0,"comment_status":"closed","ping_status":"closed","template":"","meta":{"site-sidebar-layout":"default","site-content-layout":"default","ast-main-header-display":"","ast-hfb-above-header-display":"","ast-hfb-below-header-display":"","ast-hfb-mobile-header-display":"","site-post-title":"","ast-breadcrumbs-content":"","ast-featured-img":"","footer-sml-layout":"","theme-transparent-header-meta":"default","adv-header-id-meta":"","stick-header-meta":"","header-above-stick-meta":"","header-main-stick-meta":"","header-below-stick-meta":"","footnotes":""},"yoast_head":"<!-- This site is optimized with the Yoast SEO plugin v24.5 - https:\/\/yoast.com\/wordpress\/plugins\/seo\/ -->\n<title>Contenu p\u00e9dagogique - \u00c9cole Sainte Marie<\/title>\n<meta name=\"robots\" content=\"index, follow, max-snippet:-1, max-image-preview:large, max-video-preview:-1\" \/>\n<link rel=\"canonical\" href=\"https:\/\/stemarie-stjoseph.fr\/ecole-ste-marie\/nos-parcours-contenu-pedagogique\/\" \/>\n<meta property=\"og:locale\" content=\"fr_FR\" \/>\n<meta property=\"og:type\" content=\"article\" \/>\n<meta property=\"og:title\" content=\"Contenu p\u00e9dagogique - \u00c9cole Sainte Marie\" \/>\n<meta property=\"og:description\" content=\"NOS SP\u00c9CIFICIT\u00c9S : NOS PROJETS : SPORT : AVEC LA VILLE DE SAINT BENO\u00ceT SUR LOIRE OU LA CO COM : La r\u00e9partition des nIveaux pour l&rsquo;ann\u00e9e SCOLAIRE 2025-2026\" \/>\n<meta property=\"og:url\" content=\"https:\/\/stemarie-stjoseph.fr\/ecole-ste-marie\/nos-parcours-contenu-pedagogique\/\" \/>\n<meta property=\"og:site_name\" content=\"\u00c9cole Sainte Marie\" \/>\n<meta property=\"article:modified_time\" content=\"2026-03-02T13:29:31+00:00\" \/>\n<meta name=\"twitter:card\" content=\"summary_large_image\" \/>\n<meta name=\"twitter:label1\" content=\"Dur\u00e9e de lecture estim\u00e9e\" \/>\n\t<meta name=\"twitter:data1\" content=\"1 minute\" \/>\n<script type=\"application\/ld+json\" class=\"yoast-schema-graph\">{\"@context\":\"https:\/\/schema.org\",\"@graph\":[{\"@type\":\"WebPage\",\"@id\":\"https:\/\/stemarie-stjoseph.fr\/ecole-ste-marie\/nos-parcours-contenu-pedagogique\/\",\"url\":\"https:\/\/stemarie-stjoseph.fr\/ecole-ste-marie\/nos-parcours-contenu-pedagogique\/\",\"name\":\"Contenu p\u00e9dagogique - \u00c9cole Sainte Marie\",\"isPartOf\":{\"@id\":\"https:\/\/stemarie-stjoseph.fr\/ecole-ste-marie\/#website\"},\"datePublished\":\"2021-05-26T19:06:51+00:00\",\"dateModified\":\"2026-03-02T13:29:31+00:00\",\"breadcrumb\":{\"@id\":\"https:\/\/stemarie-stjoseph.fr\/ecole-ste-marie\/nos-parcours-contenu-pedagogique\/#breadcrumb\"},\"inLanguage\":\"fr-FR\",\"potentialAction\":[{\"@type\":\"ReadAction\",\"target\":[\"https:\/\/stemarie-stjoseph.fr\/ecole-ste-marie\/nos-parcours-contenu-pedagogique\/\"]}]},{\"@type\":\"BreadcrumbList\",\"@id\":\"https:\/\/stemarie-stjoseph.fr\/ecole-ste-marie\/nos-parcours-contenu-pedagogique\/#breadcrumb\",\"itemListElement\":[{\"@type\":\"ListItem\",\"position\":1,\"name\":\"Accueil\",\"item\":\"https:\/\/stemarie-stjoseph.fr\/ecole-ste-marie\/\"},{\"@type\":\"ListItem\",\"position\":2,\"name\":\"Contenu p\u00e9dagogique\"}]},{\"@type\":\"WebSite\",\"@id\":\"https:\/\/stemarie-stjoseph.fr\/ecole-ste-marie\/#website\",\"url\":\"https:\/\/stemarie-stjoseph.fr\/ecole-ste-marie\/\",\"name\":\"Groupe Scolaire de Saint Beno\u00eet sur Loire\",\"description\":\"Un site utilisant WordPress\",\"publisher\":{\"@id\":\"https:\/\/stemarie-stjoseph.fr\/ecole-ste-marie\/#organization\"},\"potentialAction\":[{\"@type\":\"SearchAction\",\"target\":{\"@type\":\"EntryPoint\",\"urlTemplate\":\"https:\/\/stemarie-stjoseph.fr\/ecole-ste-marie\/?s={search_term_string}\"},\"query-input\":{\"@type\":\"PropertyValueSpecification\",\"valueRequired\":true,\"valueName\":\"search_term_string\"}}],\"inLanguage\":\"fr-FR\"},{\"@type\":\"Organization\",\"@id\":\"https:\/\/stemarie-stjoseph.fr\/ecole-ste-marie\/#organization\",\"name\":\"Etablissement d'enseignement catholique Saint Benoit sur Loire\",\"url\":\"https:\/\/stemarie-stjoseph.fr\/ecole-ste-marie\/\",\"logo\":{\"@type\":\"ImageObject\",\"inLanguage\":\"fr-FR\",\"@id\":\"https:\/\/stemarie-stjoseph.fr\/ecole-ste-marie\/#\/schema\/logo\/image\/\",\"url\":\"https:\/\/stemarie-stjoseph.fr\/ecole-ste-marie\/wp-content\/uploads\/sites\/6\/2021\/05\/logo-enseignement-catholique.png\",\"contentUrl\":\"https:\/\/stemarie-stjoseph.fr\/ecole-ste-marie\/wp-content\/uploads\/sites\/6\/2021\/05\/logo-enseignement-catholique.png\",\"width\":999,\"height\":602,\"caption\":\"Etablissement d'enseignement catholique Saint Benoit sur Loire\"},\"image\":{\"@id\":\"https:\/\/stemarie-stjoseph.fr\/ecole-ste-marie\/#\/schema\/logo\/image\/\"}}]}<\/script>\n<!-- \/ Yoast SEO plugin. -->","yoast_head_json":{"title":"Contenu p\u00e9dagogique - \u00c9cole Sainte Marie","robots":{"index":"index","follow":"follow","max-snippet":"max-snippet:-1","max-image-preview":"max-image-preview:large","max-video-preview":"max-video-preview:-1"},"canonical":"https:\/\/stemarie-stjoseph.fr\/ecole-ste-marie\/nos-parcours-contenu-pedagogique\/","og_locale":"fr_FR","og_type":"article","og_title":"Contenu p\u00e9dagogique - \u00c9cole Sainte Marie","og_description":"NOS SP\u00c9CIFICIT\u00c9S : NOS PROJETS : SPORT : AVEC LA VILLE DE SAINT BENO\u00ceT SUR LOIRE OU LA CO COM : La r\u00e9partition des nIveaux pour l&rsquo;ann\u00e9e SCOLAIRE 2025-2026","og_url":"https:\/\/stemarie-stjoseph.fr\/ecole-ste-marie\/nos-parcours-contenu-pedagogique\/","og_site_name":"\u00c9cole Sainte Marie","article_modified_time":"2026-03-02T13:29:31+00:00","twitter_card":"summary_large_image","twitter_misc":{"Dur\u00e9e de lecture estim\u00e9e":"1 minute"},"schema":{"@context":"https:\/\/schema.org","@graph":[{"@type":"WebPage","@id":"https:\/\/stemarie-stjoseph.fr\/ecole-ste-marie\/nos-parcours-contenu-pedagogique\/","url":"https:\/\/stemarie-stjoseph.fr\/ecole-ste-marie\/nos-parcours-contenu-pedagogique\/","name":"Contenu p\u00e9dagogique - \u00c9cole Sainte Marie","isPartOf":{"@id":"https:\/\/stemarie-stjoseph.fr\/ecole-ste-marie\/#website"},"datePublished":"2021-05-26T19:06:51+00:00","dateModified":"2026-03-02T13:29:31+00:00","breadcrumb":{"@id":"https:\/\/stemarie-stjoseph.fr\/ecole-ste-marie\/nos-parcours-contenu-pedagogique\/#breadcrumb"},"inLanguage":"fr-FR","potentialAction":[{"@type":"ReadAction","target":["https:\/\/stemarie-stjoseph.fr\/ecole-ste-marie\/nos-parcours-contenu-pedagogique\/"]}]},{"@type":"BreadcrumbList","@id":"https:\/\/stemarie-stjoseph.fr\/ecole-ste-marie\/nos-parcours-contenu-pedagogique\/#breadcrumb","itemListElement":[{"@type":"ListItem","position":1,"name":"Accueil","item":"https:\/\/stemarie-stjoseph.fr\/ecole-ste-marie\/"},{"@type":"ListItem","position":2,"name":"Contenu p\u00e9dagogique"}]},{"@type":"WebSite","@id":"https:\/\/stemarie-stjoseph.fr\/ecole-ste-marie\/#website","url":"https:\/\/stemarie-stjoseph.fr\/ecole-ste-marie\/","name":"Groupe Scolaire de Saint Beno\u00eet sur Loire","description":"Un site utilisant WordPress","publisher":{"@id":"https:\/\/stemarie-stjoseph.fr\/ecole-ste-marie\/#organization"},"potentialAction":[{"@type":"SearchAction","target":{"@type":"EntryPoint","urlTemplate":"https:\/\/stemarie-stjoseph.fr\/ecole-ste-marie\/?s={search_term_string}"},"query-input":{"@type":"PropertyValueSpecification","valueRequired":true,"valueName":"search_term_string"}}],"inLanguage":"fr-FR"},{"@type":"Organization","@id":"https:\/\/stemarie-stjoseph.fr\/ecole-ste-marie\/#organization","name":"Etablissement d'enseignement catholique Saint Benoit sur Loire","url":"https:\/\/stemarie-stjoseph.fr\/ecole-ste-marie\/","logo":{"@type":"ImageObject","inLanguage":"fr-FR","@id":"https:\/\/stemarie-stjoseph.fr\/ecole-ste-marie\/#\/schema\/logo\/image\/","url":"https:\/\/stemarie-stjoseph.fr\/ecole-ste-marie\/wp-content\/uploads\/sites\/6\/2021\/05\/logo-enseignement-catholique.png","contentUrl":"https:\/\/stemarie-stjoseph.fr\/ecole-ste-marie\/wp-content\/uploads\/sites\/6\/2021\/05\/logo-enseignement-catholique.png","width":999,"height":602,"caption":"Etablissement d'enseignement catholique Saint Benoit sur Loire"},"image":{"@id":"https:\/\/stemarie-stjoseph.fr\/ecole-ste-marie\/#\/schema\/logo\/image\/"}}]}},"_links":{"self":[{"href":"https:\/\/stemarie-stjoseph.fr\/ecole-ste-marie\/wp-json\/wp\/v2\/pages\/414"}],"collection":[{"href":"https:\/\/stemarie-stjoseph.fr\/ecole-ste-marie\/wp-json\/wp\/v2\/pages"}],"about":[{"href":"https:\/\/stemarie-stjoseph.fr\/ecole-ste-marie\/wp-json\/wp\/v2\/types\/page"}],"author":[{"embeddable":true,"href":"https:\/\/stemarie-stjoseph.fr\/ecole-ste-marie\/wp-json\/wp\/v2\/users\/5"}],"replies":[{"embeddable":true,"href":"https:\/\/stemarie-stjoseph.fr\/ecole-ste-marie\/wp-json\/wp\/v2\/comments?post=414"}],"version-history":[{"count":16,"href":"https:\/\/stemarie-stjoseph.fr\/ecole-ste-marie\/wp-json\/wp\/v2\/pages\/414\/revisions"}],"predecessor-version":[{"id":883,"href":"https:\/\/stemarie-stjoseph.fr\/ecole-ste-marie\/wp-json\/wp\/v2\/pages\/414\/revisions\/883"}],"wp:attachment":[{"href":"https:\/\/stemarie-stjoseph.fr\/ecole-ste-marie\/wp-json\/wp\/v2\/media?parent=414"}],"curies":[{"name":"wp","href":"https:\/\/api.w.org\/{rel}","templated":true}]}}